 0 - (5 + -3))
-3
What is the value of (13 + 5 - 12) + -12 + 0?
-6
Evaluate -7 + 1 + 0 - -3.
-3
Evaluate -3 - (2 - (-3 - (-3 + 0))).
-5
What is (7 + 1 - 8) + (-5 - -7)?
2
Calculate -12 - (-23 - -1) - 0.
10
(-2 - 7) + (13 - 9)
-5
What is (187 - 194) + 0 + (-1 - 0)?
-8
Evaluate 0 + (6 - 11) + 0.
-5
What is the value of (-4 - (0 - -1) - -6) + 2?
3
Evaluate -9 + -1 + (7 - 1).
-4
Calculate 3 + -10 + (-5 - -7).
-5
Calculate -12 - -2 - (-11 - 4).
5
What is the value of 11 - (11 - -4) - (-9 - 0)?
5
-4 + 7 + (-1 - 7)
-5
Calculate (-5 - 1) + -8 + 11.
-3
What is (-3 - -5 - -4) + (-1 - -1)?
6
What is 10 + (7 + -7 - 4) - -1?
7
What is the value of (-4 - (-5 + 3)) + 1 + 1?
0
Calculate (1 - (4 - 2)) + (-4 - -10).
5
(2 + -2 - 4) + 10
6
6 + -8 + (-1 - -4)
1
Evaluate -5 - (-15 + 7) - 7 - -6.
2
What is the value of -1 - -3 - (-67 - -70)?
-1
What is -8 - (-4 - 4 - 0)?
0
Evaluate -3 + 0 + (3 - 0) + 3.
3
What is -6 + 4 + (0 - -6 - 2)?
2
Evaluate -3 - (7 + -8 - -4).
-6
4 + -1 + -4 + 2
1
Evaluate 11 + -10 + 0 + 2.
3
Calculate -3 - ((3 - 4) + -3 - -6).
-5
Evaluate 2 - (4 + (-4 - -2)).
0
(-15 - -16 - (-2 + 1)) + -5
-3
5 + -8 - (0 + -4)
1
-7 - (-4 - (-4 - -4))
-3
Calculate (-1 - 7) + 6 - -2.
0
-37 + 35 - (4 - (2 + 3))
-1
Calculate -3 - (4 + (-1 - 2)).
-4
Evaluate 4 + -7 + 2 + -1.
-2
Calculate -4 - (4 - (8 + 3)).
3
What is -19 + 22 + 3 + (1 - -2)?
9
Evaluate 10 - 13 - 5 - -11.
3
Calculate 3 + (-6 - -2) - 4.
-5
What is (2 - (-5 + 11)) + 3?
-1
-1 - ((-7 - -7) + 1)
-2
What is 5 + (6 + -7 - 7)?
-3
5 + (-3 - -4 - 2)
4
What is 1 + 2 + -7 + 5?
1
-1 + 7 + -4 + -3 + -1
-2
What is the value of 1 - (5 - (0 + 6))?
2
What is the value of -3 - (-6 - (2 - 5) - 1)?
1
11 + 4 + -13 + 1
3
Evaluate 2 + -1 + (6 - (7 + -4)).
4
Evaluate -1 + 1 + 3 + -4 + 2.
1
What is the value of 6 - (6 - 2) - 6?
-4
What is the value of 0 + (10 - 12) + 2 + 2?
2
Calculate (-7 - -12) + 0 + 4 + -6.
3
Evaluate 4 + 3 + -1 + 25 + -27.
4
Evaluate 2 - ((5 - 0) + -1).
-2
Evaluate 6 - (-1 - (0 + -14)).
-7
Evaluate (-2 - -6) + (-4 - -10) + -5.
5
Evaluate -2 + 1 - (-11 + 10).
0
What is the value of (-3 - -3) + -21 + 22?
1
What is the value of 4 + -4 + -6 + 3 + -1?
-4
What is the value of -2 + (-3 - (-10 - -4))?
1
684 + -673 + -8 + 1 + 0
4
Calculate 0 - (3 + -4 + 11 - 0).
-10
Calculate -1 - (-1 + -1 + 2 - 0).
-1
What is (-1 - 3) + 1 + -209 + 208?
-4
Calculate 7 - (9 + -9 - (1 + -1)).
7
-3 + 0 + 3 + 2 - -1
3
What is the value of 6 - -13 - 10 - 12?
-3
Evaluate -11 - (-1 + 0) - -5.
-5
What is the value of -8 + 4 + (4 - 8)?
-8
Calculate -2 - -1 - 2 - (1 - 3).
-1
Evaluate (-11 - -13) + (1 - 6).
-3
What is 7 - (6 + (-4 - -2))?
3
Evaluate -11 + 9 + -5 + 1.
-6
What is the value of -141 + 128 - (-4 - (1 - 0))?
-8
Evaluate 0 + 1 + -1 + 1.
1
Evaluate -1 - (1 - 5 - -8).
-5
Evaluate (3 - 0) + (12 - 10).
5
-5 - (-4 + (0 + -5 - -6))
-2
5 + -10 + 3 - 3 - 0
-5
What is (12 - 4) + -5 - (-2 - 3)?
8
What is the value of -6 + (4 - (-6 - -1))?
3
Evaluate (-6 + 6 - -6) + -5.
1
(0 - 1 - -1) + -17 + 17
0
Calculate 2 + 0 + -2 - (53 - 49).
-4
What is -5 + (2 - 0) - 0?
-3
Evaluate -13 - (-5 + -3) - -12.
7
(-11 + 3 - -4) + 1
-3
What is 23 + (-2 - 8) - 8?
5
What is (-5 - (-7 + 2)) + 0?
0
Calculate (17 - 2) + (8 - 17).
6
What is 1 + (4 - (-5 - -9))?
1
What is (-4 - (6 - 1)) + (-1 - -5)?
-5
What is -12 + 0 - -10 - (0 - 1)?
-1
Calculate 0 - (4 + (-9 + 4 - 1)).
2
Evaluate 9 - (6 + 2 - 1).
2
What is the value of -6 - (-1 + 4 + -7)?
-2
Evaluate 4 + -1 + (-3 - -5).
5
Calculate 32 + -38 - (-1 + 0 + -1).
-4
1 - 1 - (-3 + 4 - 1)
0
-2 - (-10 - (8 + -17))
-1
What is (8 - 3) + (-10 - (-1 + -1))?
-3
What is -7 - (9 + -5 - 12)?
1
Calculate 1 - 1 - (-5 - -3).
2
Evaluate -3 + 7 + (0 - 3) + -1.
0
What is 4 + -2 + (0 + -5 - -8)?
5
Evaluate -25 - -20 - (-5 - 0 - -1).
-1
What is 4 - (-5 + (4 - -9) + -5)?
1
Calculate 1 - -5 - (-13 + (3 - -7)).
9
What is (3 - 0) + 0 + 0 + -4?
-1
What is -4 + 2 + -3 + 3?
-2
What is -12 + 6 + 4 + 0?
-2
What is 1 + -5 + 7 + 0?
3
(-4 - (1 - (8 - 5))) + 13
11
What is the value of (15 - 20) + -5 + 11 - -8?
9
Evaluate 2 - (2 + -3 + (2 - 3)).
4
Calculate -1 + (0 - (1 + 0) - 3).
-5
(-7 - -9) + -10 - -9
1
What is the value of -6 + 8 + -8 + 2?
-4
Calculate -1 - (1 - -5) - (0 - 3).
-4
What is 4 + (-12 - -1 - -6)?
-1
Calculate 6 + 1 + -6 + (-1 - 4).
-4
Evaluate (0 - 9 - 2) + 4.
-7
What is the value of 0 - (-1 + 1 - (-6 + 5))?
-1
(0 + -3 - -1) + (-16 - -15)
-3
What is 5 + 1 + -3 - (0 - -1)?
2
Calculate (-8 - -5) + 9 - 3.
3
Calculate 0 + 2 - (16 - 17).
3
What is (-71 - -70 - (0 - -7)) + 14?
6
What is the value of 4 - (-12 + 16 + -7)?
7
What is 5 + 3 + -8 + -5 + 11?
6
Evaluate 2 + (3 - (17 - 7)).
-5
What is the value of 0 + 0 - 1 - (160 - 158)?
-3
Evaluate 3 + (7 - 14) - -1.
-3
1 - (-8 + (7 - -8))
-6
What is the value of -7 - (6 + -1 + -9)?
-3
Calculate -3 + (5 - (-5 + 11 + 1)).
-5
Calculate (-6 + 2 - (3 + -2)) + 1.
-4
Calculate 6 + 8 + -15 + 0.
-1
(-4 - -3) + 6 + -10
-5
Calculate -4 + 1 + 3 + 8 + -6.
2
What is the value of -6 + (4 - 7) - (-2 + -3)?
-4
Evaluate 1 + -6 + (-7 - (7 - 17)).
-2
Calculate 4 - ((5 - -1) + 2).
-4
What is -9 + 2 + -1 + -3 + 6?
-5
(5 - 7) + -1 - -3 - 4
-4
What is -9 + 5 + -7 - -7?
-4
Evaluate (-3 - -5) + (0 + -5 - 0).
-3
Calculate -6 - (-5 - (-8 + -4 + 9)).
-4
Evaluate 1 + -4 + 2 + -3.
-4
Calculate 2 + -1 - 3 - (-9 - -6).
1
Calculate 8 + 4 + -3 + -6.
3
-8 + 5 + -1 + 2 + 2
0
What is the value of -3 + 16 + (-3 - 0) + -3?
7
What is the value of 2 + 0 - (1 - 1)?
2
What is the value of (-5 - (-1 + -7 - -3)) + -4?
-4
Calculate 6 - 2 - 0 - (-1 - -4).
1
(-1 - 3) + 9 + -2
3
Evaluate -11 + 6 + 11 + (1 - 5).
2
What is -3 - 1 - -6 - 1?
1
Calculate (-18 - -13) + (1 + 5 - -1).
2
Evaluate -5 + (-7 - -8) + 1.
-3
Calculate 7 + 0 + -3 + -1.
3
Evaluate -5 + 1 + 2 + -2.
-4
Calculate (-6 - (2 + -5)) + 0 + 8.
5
Evaluate -4 + (6 - (-3 - -6)) + -5.
-6
Evaluate 9 - (-9 - -15) - 4.
-1
What is the value of 5 + (2 - 1) - 2?
4
Calculate (-1 - -2) + -6 + 0 + 4.
-1
Evaluate 5 + (-3 + -2 - -4 - 3).
1
What is 3 + 10 + -10 + 1?
4
What is the value of 4 - ((2 - -1) + -2 + 2)?
1
What is the value of -2 - (4 + (-9 - 0))?
3
What is the value of (-2 - 0) + -3 + 7?
2
What is the value of 0 - (8 - (0 + 1)) - 2?
-9
Evaluate (1 - -2 - -3) + 0 + -11.
-5
Evaluate 8 + 12 + -5 + -10.
5
What is the value of -5 - (-15 + 7) - -4?
7
What is the value of 0 - (12 + -3 + -5)?
-4
Calculate -3 - 2 - (-7 - -6).
-4
(4 - 6 - (6 + -2)) + 8
2
What is the value of -7 - ((0 - -4) + -5) - -7?
1
Evaluate (0 - 1) + 13 + -4 + -5.
3
What is the value of 0 + (15 - 7) + -7?
1
What is the value of 42 + -46 + 1 + 1?
-2
Calculate -1 - (-1 - -2) - -1.
-1
What is the value of 1 - (-5 - (-1 - 2))?
3
Evaluate (0 - (2 - 1 - 6)) + 0.
5
18 + -4 + -10 - (-9 + 3)
10
-12 + (10 - (-12 + 15))
-5
Calculate -2 + (0 - -3 - 6).
-5
4 - (7 + (-5 - (0 - 1)))
1
Evaluate 3 + (-5 - -3 - -2).
3
Evaluate 76 + -83 - (-5 - 1).
-1
What is (-7 - -8) + (-2 - (1 + 3))?
-5
What is 3 + 4 + -2 + -7?
-2
Calculate (-8 - (0 + 3 + -3)) + 6.
-2
What is the value of -6 + (-2 + 13 - (-23 + 20))?
8
What is 11 + 0 + 23 + -30?
4
Calculate 6 + -7 + (2 - 2) - 4.
-5
What is the value of 4 - 10 - (5 + -14 + 0)?
3
Calculate (-5 + 13 - 12) + 10.
6
What is -113 - -114 - (1 - (2 + 7))?
9
Evaluate -7 - (-16 - -8) - 2.
-1
Evaluate 13 + -2 - (71 + -55).
-5
What is (21 - 4 - 12) + -11?
-6
Calculate -1 + (0 - -2 - 5).
-4
What is the value of (1 - -6) + (-13 - -11)?
5
Evaluate 7 - 9 - (-4 - 3).
5
Calculate 0 + (5 - 6) - (2 + -6).
3
(-3 - 1 - -9) + 2
7
What is the value of -1 + (-1 - (3 + (-2 - -2)))?
-5
6 - (6 + -10 + 3)
7
What is 16 + -9 - -3 - (-2 + 2)?
10
Calculate -2 + -8 - -9 - -4.
3
What is 0 - ((-2 - 1) + (-27 - -25))?
5
What is (18 - 15) + (2 - 4)?
1
Evaluate -62 + 65 + -7 + 2.
-2
Evaluate -6 - -3 - (3 - 2).
-4
What is 4 + -7 + (8 - 10)?
-5
Evaluate (-1 - (-1 + -2 + -1)) + -3.
0
What is -2 - (3 + -3) - 3?
-5
(-4 - (3 + -9)) + -2
0
What is 0 + -2 - ((6 - 2) + -11)?
5
-8 + 0 + 1 + 7
0
What is the value of 10 - 1 - -1 - 7?
3
What is the value of 2 + 3 - 12 - -5?
-2
(-25 - -24) + -1 + 4
2
What is the value of 0 + -2 - (-1 + 1 - -2)?
-4
What is 3 + (5 + 2 - 5)?
5
-7 - (-4 + (-5 - -12 - 3))
-7
Calculate -3 + 0 - (9 - 8).
-4
What is the value of -7 + 7 + (-9 - -12)?
3
Evaluate (-6 - 1) + 4 - -3.
0
-4 + (9 - (5 - -7))
-7
Evaluate (2 - -1) + -3 + 0 + -6.
-6
